m(z) = -11*z - 29. Let a be m(-3). Suppose 130 = c + a*c. List the prime factors of c.
2, 13
Suppose 0 = -3*r + 6*r. Suppose r = h + 8 - 30. What are the prime factors of h?
2, 11
Let s = -10 - -15. Let j(u) be the third derivative of u**4/6 + 5*u**3/6 + 6*u**2. List the prime factors of j(s).
5
Let v(o) = -2*o**3 + 10*o**2 + 31 - 51 + o**3 + o. What are the prime factors of v(9)?
2, 5, 7
Suppose 0 = -4*d + c + 148, -2*d + 7*d - 185 = -4*c. Let x = 144 + d. What are the prime factors of x?
181
Suppose -5214 = -13*d + 2937. List the prime factors of d.
3, 11, 19
Let m be 1 - 15/(15/(-3)). Suppose -25 = -w + m*n, -5*w - 4*n + 3 + 2 = 0. List the prime factors of w.
5
Let w be ((-11)/(-2))/((-9)/(-252)). Suppose 0 = 2*o - y - 2*y - w, -4*o = -3*y - 302. What are the prime factors of o?
2, 37
Let b = 62 + 3. Suppose 0*s = 5*s + b. Let j = s - -25. What are the prime factors of j?
2, 3
Let j(u) = u**2 + 9*u - 1. Let d be j(-9). Let r be -2*(-20)/(-8)*d. Suppose 4 = 3*f + 3*n - 23, -3*f = r*n - 29. What are the prime factors of f?
2
Let i(c) = c**3 - 8*c**2 - 18*c + 63. List the prime factors of i(14).
3, 7, 47
Let t(m) = m**3 - 3*m**2 - 6*m + 8. Let z be t(4). Suppose 4*f = -4*d + 896, 2*f + z*d = d + 460. What are the prime factors of f?
2, 3, 19
Suppose -3*j + j + 290 = 0. Let q = -24 + j. Let b = q + -83. What are the prime factors of b?
2, 19
Let n(a) be the first derivative of -a**3/3 + 3*a**2 - 3*a - 6. Let t be n(5). Suppose -t*m = -4*x - 42, 4*x = 7*m - 2*m - 135. What are the prime factors of m?
31
Let l(w) = w. Let p(g) = -g**2 - 20*g - 25. Let n(k) = 4*l(k) + p(k). List the prime factors of n(-10).
5, 7
Suppose c = 114 + 86. List the prime factors of c.
2, 5
What are the prime factors of (-1)/((-7 + 11)/(-2956))?
739
Suppose -32*c + 28*c = -20. What are the prime factors of -3 + c + -3 - -17?
2
Suppose -1648 = -8*w + 2232. What are the prime factors of w?
5, 97
Let o = 888 - 418. List the prime factors of o.
2, 5, 47
Let c(n) = n + 3. Let r be c(-6). Let k(j) = -j**3 + 6*j**2 - 2*j + 12. Let d be k(6). List the prime factors of 1*((r - -24) + d).
3, 7
Let x be 0 + ((-909)/(-9) - (1 - 2)). Let f = 349 - x. List the prime factors of f.
13, 19
Let y = 9 + -4. Suppose 5*s - 20 = 5*n, -4*n + 26 = -2*s + y*s. Let c = s + 6. List the prime factors of c.
2, 3
Let t be 140 + (-1)/(-3) + (-4)/(-6). Let s = t - 65. What are the prime factors of s?
2, 19
Suppose -20 = 2*l - 6*l. Suppose -2*m + 2*v + 456 = 0, 2*m + v + 682 = l*m. List the prime factors of m.
227
Let t(k) = 4*k**3 + 3*k**2 + k. Let p(j) = j + 4. Let y be p(-6). Let g be t(y). Let i = 46 + g. List the prime factors of i.
2, 3
Suppose 4*l - 44 = -4. Let m = l - 5. Suppose -g = -m*t + 154, -2*t - 2*g = 16 - 68. List the prime factors of t.
2, 3, 5
Let i(t) = 27*t - 1. Let c be i(-1). Let y = 33 + c. Suppose 0 = -y*k - 12 + 102. List the prime factors of k.
2, 3
Let z = -2 - -16. What are the prime factors of ((-8)/z)/2 + (-1680)/(-49)?
2, 17
Let l = 5 + -2. Suppose x + 9 = -l. Let v = x + 15. What are the prime factors of v?
3
Let x be (-2)/6 - (-20)/6. Suppose x*q - 6*q = -12. Suppose -264 = -q*l - 2*d, -2*d = -3*l + 2*d + 187. List the prime factors of l.
5, 13
Let u(b) = -b**3 - 9*b**2 - 5*b - 3. List the prime factors of u(-11).
2, 3, 7
Let z(q) = -10*q**3 - 3*q**2 - 11*q - 23. List the prime factors of z(-4).
613
Let n(r) = r**3 - 4*r**2 - 17*r + 7. List the prime factors of n(9).
7, 37
Suppose 2*i + i = -6. Let v = -2 - i. Suppose 0 = -3*z - v*z + 2*u + 6, -4*u = -z - 8. List the prime factors of z.
2
Suppose -4*b = -5*t - 9, -b = -2*b + 5*t - 9. Suppose 4 = -4*g + l, -4*g - 3*l + 6 = -b. Suppose g*r - 42 = -2*r. List the prime factors of r.
3, 7
Suppose -13*s + 7777 = -2*s. What are the prime factors of s?
7, 101
What are the prime factors of (-43238)/(-20) - (-12 - 1190/(-100))?
2, 23, 47
Suppose -6*b + 2*b - 2368 = -4*f, -2972 = -5*f + 2*b. What are the prime factors of f?
2, 149
Let k be ((-16)/4 - -5)*0/(-1). Suppose k = a - 7 + 2. What are the prime factors of a?
5
Let k(g) = 27*g**2 - 15*g + 25. List the prime factors of k(4).
397
Let u be ((-20)/(-6))/((-10)/(-615)). Let t = u + -141. Let l = t + -40. List the prime factors of l.
2, 3
Let a(s) = 8*s**2 + 37*s - 83. Let b(n) = 3*n**2 + 12*n - 28. Let i(z) = 4*a(z) - 11*b(z). Let q be i(18). Let v = 1 - q. What are the prime factors of v?
61
Suppose -5*o + 2 = 12, 0 = -4*m - 4*o + 8548. List the prime factors of m.
3, 23, 31
Let d = 1253 - 769. List the prime factors of d.
2, 11
Suppose -328 = -3*r + 527. List the prime factors of r.
3, 5, 19
Let c = 137 - 134. Suppose -312 = -c*x + 2*g, -5*g - 8 = 7. What are the prime factors of x?
2, 3, 17
Let o = 6 + -28. Let l = o + 29. List the prime factors of l.
7
Suppose 11 + 7 = 3*z. Suppose z*g - 10*g = -80. Suppose 62 = 2*y + g. What are the prime factors of y?
3, 7
Suppose 0 = 9*m - 13*m + 64. Let a = 35 - m. What are the prime factors of a?
19
Let z be (8/10 + -2)/((-12)/330). Let l be (4 + -1 - 2) + -4. What are the prime factors of (0 - -1) + l + z?
31
Let x be 1*((-2)/(-1))/2. What are the prime factors of x/(-2)*(2 + -24)?
11
Suppose z = 3*k + 3578, -z + 698 = -5*k - 2874. List the prime factors of z.
17, 211
Let t(q) = 4*q**2 - 3*q + 2. Let n be t(2). Suppose l = 5*l - n. Suppose 0 = -l*f + 8*f - 145. What are the prime factors of f?
29
Suppose -3*h - 3*l = -3489, -4*h - 1073 = -4*l - 5685. What are the prime factors of h?
2, 3, 193
Let i = 165 - -526. List the prime factors of i.
691
List the prime factors of (-150891)/(-45) + (-32)/240.
7, 479
Let z be -3*1*(-1401)/9. Suppose -218 - z = -5*n. List the prime factors of n.
137
Suppose 4*b = -59 + 19. Let d = b + 100. What are the prime factors of d?
2, 3, 5
List the prime factors of (-9 + 2002 + 0)*1.
1993
Let j = 1236 + -563. What are the prime factors of j?
673
Suppose -18 = 25*j - 28*j. List the prime factors of 4/((-8)/(-25))*j.
3, 5
Suppose 19 = p - 4*z, -11 = 3*p - 8*p - z. Let v be 4*p/9*6. List the prime factors of (-3)/v - (-8240)/128.
2
Suppose 5*z + 5*d - 70 = 0, -2*z + 0*z = -3*d - 8. Suppose -7*t + z*t - 12 = 0. Suppose -v - t*v = -135. What are the prime factors of v?
3
Let o be 9/(18/44) + 1 + 1. Let v = o + 4. What are the prime factors of v?
2, 7
Let b(f) be the second derivative of -f**3/6 + f**2/2 - 6*f. Let p be b(-3). Suppose -p*h - 6 = -2*i + 48, -3*i + 71 = -4*h. List the prime factors of i.
17
Let o be 3 + -1 - (-4)/(-1). Let u = o - 27. Let f = -19 - u. What are the prime factors of f?
2, 5
Suppose 1500 = -3*u + 7341. Suppose -5*v + 0*v + t = u, 4*v + 1548 = 4*t. List the prime factors of 2/(-3) - v/18.
3, 7
Let g = 181 - 128. List the prime factors of g.
53
Suppose 2*z + 9 - 25 = 0. Let h(l) = -l**2 + 8*l - 3. Let k be h(z). Let p = k - -23. List the prime factors of p.
2, 5
What are the prime factors of (-5571786)/(-990) + 2/(-30)?
2, 3, 7, 67
Let h(a) = 52*a**2 + 5*a - 6. List the prime factors of h(5).
1319
Suppose 0 = 4*q + 4*v + 9832 - 32124, -q - 3*v + 5577 = 0. What are the prime factors of q?
3, 619
Suppose 2*u - 3*g + 1895 = 6*u, 0 = 2*u + 4*g - 950. List the prime factors of u.
11, 43
Let i = 787 - 463. List the prime factors of i.
2, 3
Let g(k) = -k**3 + 7*k**2 - 5*k - 5. Let s be g(6). Let m be 1/(2/(-12)) - -47. Let q = m - s. What are the prime factors of q?
2, 5
Let o = -632 + 2027. What are the prime factors of o?
3, 5, 31
Suppose -b = 2*h - 0*h - 10, 3*b + 36 = 5*h. Let j(n) = 18 + 3*n + h - n**2 - n - 4*n. List the prime factors of j(0).
2, 3
Suppose 0 = 2*l - 6 - 2. Let f be (64/(-1))/l + -3. Let s = -10 - f. List the prime factors of s.
3
Suppose -25612 = -20*y - 18*y. List the prime factors of y.
2, 337
Suppose -25 = -10*n + 12*n + 5*y, 35 = -2*n - 3*y. Let w be -1 + (-53 - -1) - -1. Let m = n - w. What are the prime factors of m?
3
Let a(m) = -3*m**2 + 56. Let o be a(11). Let z = 516 + o. List the prime factors of z.
11, 19
Let d be ((-4)/(-5))/((-8)/(-20)). Suppose d = -k - 5*a + 39, 39 = 3*k - 3*a. Suppose -4*x + k = -111. List the prime factors of x.
2
Let i = 231 + -428. Let k = 359 + i. List the prime factors of k.
2, 3
Suppose 37*a + 2195 = 42*a. List the prime factors of a.
439
What are the prime factors of (-312)/(-8)*(-2)/(-3)?
2, 13
Suppose -12 - 12 = -4*g. What